factors of i?
2, 7
Suppose 2*i = -i. Suppose 3*l - 10 - 23 = i. What are the prime factors of l?
11
Let j = 22 - 6. Let t(w) = -10*w + 46. Let r(s) = 2*s - 9. Let h(d) = j*r(d) + 3*t(d). What are the prime factors of h(7)?
2
Let d(j) be the first derivative of -j**3/3 - j**2/2 - 2*j + 2. Let g be d(0). Let a = g - -11. List the prime factors of a.
3
Let a(k) = k**3 + 4*k**2 + 2*k - 2. Let f be a(-3). Let j(d) = d**2 + 2*d + 4. Let c(x) = x**2 - 1. Let l(s) = f*j(s) + 2*c(s). List the prime factors of l(-2).
2, 5
Let o(d) = -d + 2. Let h be o(-6). Suppose -5 = 3*n + 4. Let m = h + n. List the prime factors of m.
5
Let q(s) = 5*s**2 - 1. Let i(w) = w**2 - w. Let f(d) = -4*i(d) + q(d). List the prime factors of f(-6).
11
What are the prime factors of (1*-1)/((-16)/656)?
41
Let l(a) = -3*a**3 + a**2 - 2. Let n(d) = -13*d**3 + 5*d**2 - 9. Let b(t) = 9*l(t) - 2*n(t). List the prime factors of b(-2).
2
Let a be ((-2)/(-6))/(9/(-81)). Let y = a - -6. List the prime factors of (y/(-1) - -2)*-18.
2, 3
List the prime factors of 325/10 + 1/(-2).
2
Let r = 12 - 12. Suppose -26 = -q - r*q. What are the prime factors of q?
2, 13
Let t(d) = 2*d + 8. Let b be t(-9). Suppose o = -3*x - 2 - 11, 0 = -2*o - 2. Let s = x - b. What are the prime factors of s?
2, 3
Let q(v) = -v**3 + 8*v**2 + 11*v - 13. Let j = 27 + -18. What are the prime factors of q(j)?
5
Let a(m) = -m**2 - 3*m - 2*m**3 - 4*m + 3*m + 5*m. List the prime factors of a(-3).
2, 3, 7
Suppose 5*j = -5*x - 25, 0 = -4*x + 2*j - 2. Let c be (x + 2/3)*-3. Suppose 29 = c*a - 11. What are the prime factors of a?
2, 5
Suppose -8*p + 4*p = -6084. List the prime factors of ((-4)/6)/((-26)/p).
3, 13
Suppose -2*u = 4*o - o - 35, -o = -5. Suppose 0*w = -3*r - 3*w + 69, 2*w = u. What are the prime factors of 132/r - (-1)/(-3)?
7
Let n(c) = 9*c - 8. Let y be n(6). Suppose 3*r = 2*r + y. List the prime factors of r.
2, 23
Suppose -21 = -5*f + 2*f. What are the prime factors of 93/f + 6/(-21)?
13
Let m(l) = l**2 - 10*l - 16. Suppose 3*h + 41 = 4*c, -6*c - 3*h + 36 = -3*c. Let s be m(c). Let q = 9 + s. What are the prime factors of q?
2
Let y be 303/(-6) + (-4)/8. Let j = 72 + y. List the prime factors of j.
3, 7
Let d(v) = v + 2. Let j be d(-2). Suppose j = -0*z - z + 23. Suppose -2*r + z = -3*f, -26 = -7*r + 3*r + 2*f. List the prime factors of r.
2
Suppose -18*j = -13*j - 1345. What are the prime factors of j?
269
Suppose 0 = r - 5*r. Suppose -i + s - 3 = r, 0*i = -3*i + 2*s - 7. Let u = i - -3. What are the prime factors of u?
2
Suppose 5*d + 56 = 7*d. Let u = d + -22. List the prime factors of u.
2, 3
Suppose 6 + 1 = f - 2*g, g = -3*f + 49. What are the prime factors of f?
3, 5
Let u(y) = 5 - 5*y + 4*y + 3*y. List the prime factors of u(8).
3, 7
Let c be 2/(-3) + 8/(-6). Let y be (-68)/(-3) - (-6)/18. What are the prime factors of (c + y)*1/1?
3, 7
Let v = -3 - -4. Let p(a) = 1 + 6*a + 3*a**2 + v - 5 - a**3. What are the prime factors of p(4)?
5
Suppose 4*s + 0*s = 12. What are the prime factors of s?
3
Suppose 3*x - 25 = -0*x + 4*c, -2*x = -2*c - 16. Suppose o + x = 21. List the prime factors of o.
2, 7
List the prime factors of 29/1*(-5)/(-5).
29
Suppose 16 = m - o - 37, 0 = o - 5. Suppose -4*i + 2*h = -m, 3*i = -3*h + 6 + 15. List the prime factors of i.
2, 3
What are the prime factors of (-1 + 2)*(-11)/(22/(-172))?
2, 43
Let p = 17 - 14. Suppose 3*j + 54 = p*d, 5*d + 8 = 2*j + 92. List the prime factors of d.
2
Let f(b) = -b**2 + 12*b + 0*b + 1 - 3*b + 3. Let m be f(6). Let c = m - 9. What are the prime factors of c?
13
Let t = -6 + 12. What are the prime factors of 315/27 - (-2)/t?
2, 3
Let d = 4 - -11. Let b = -8 + d. List the prime factors of b.
7
Let j = 10 + -5. Suppose -4*w + 25 = -2*k + 7, -3*w = -j*k + 4. What are the prime factors of w?
7
Suppose -3*s - 11 = 2*s + 3*b, 5*s + 26 = 2*b. Let v(x) = x**3 + 5*x**2 - 1. List the prime factors of v(s).
3, 5
Let m(h) = h**3 + 3*h**2 - 2*h - 4. Let d be m(-3). Suppose 2*n - 2*r = -2 - d, r + 4 = 0. Let l(c) = -c**3 - 6*c**2 - 2*c + 1. List the prime factors of l(n).
13
Let f = 3 + 21. List the prime factors of f.
2, 3
Suppose -2*q - 4 = -2*m, -2*q = -4*m + 1 + 9. Suppose -19 = -r + m. Suppose -3*h + r = -2*z, -h - h + 3*z = -23. List the prime factors of h.
2
Let d = -12 + 14. Suppose 3*v - 26 = -2*k + d*v, 48 = 4*k + 3*v. What are the prime factors of k?
3, 5
Suppose 0 = -2*l + m + 534, l - m = -3*m + 277. List the prime factors of l.
269
Let i be 3/9 - 158/6. What are the prime factors of (-1)/((-50)/i - 2)?
13
Suppose 0 = 2*g - 4*g + 4*o + 366, -g = 5*o - 204. List the prime factors of g.
3, 7
Suppose 3*r + 0*t - 230 = -t, -4*r + t = -309. What are the prime factors of r?
7, 11
Suppose 3*c - 3*u + 5*u = -70, -c - 38 = -3*u. List the prime factors of (c/(-4))/((-3)/(-6)).
13
Suppose 5*s = 4*s + 311. List the prime factors of s.
311
Let u be (1 + -1 + 0)/1. Suppose -5*w + 142 = s - u*s, 0 = -2*w - 3*s + 62. Let j = -19 + w. What are the prime factors of j?
3
Suppose -2*a + 9 = a. Suppose v = a*v - 18. What are the prime factors of v?
3
Let m(j) = -4*j**2 + 7*j - 2 - 3*j**3 - 3*j**2 + 4*j**3. Let y be m(7). Suppose 0*l - 4*l = -f + 3, 4*l + y = 5*f. What are the prime factors of f?
11
Let q = 9 + -7. List the prime factors of 26/q + 0/2.
13
Let n(j) = -6 + 6*j + 5*j - 3. What are the prime factors of n(4)?
5, 7
List the prime factors of 1/2 - 0 - 2670/(-12).
223
Let g = 22 - 17. Suppose -5*l + 12 = -2*n, 0 = -2*l + 7*l + 4*n - 36. Suppose -g*u + 19 = l. What are the prime factors of u?
3
Let n be ((-45)/18)/((-2)/4). Suppose -3*m - 2*r + 57 = -5*r, -4*m = n*r - 94. List the prime factors of m.
3, 7
Suppose 5*p + 25 = 5*t, 0 = 4*t - t + 4*p - 1. Let r be (-2)/t - (-14)/21. Let s = r - -3. What are the prime factors of s?
3
Let o = 2 + 0. Suppose 2*w - 4*w + 5*t = -4, w - o*t - 3 = 0. Let v = 1 + w. What are the prime factors of v?
2
Let k(a) = 2*a + 5. Let j(q) = 3*q + 11. Let u(h) = 4*j(h) - 9*k(h). Let y(g) = -g - 5. Let l be y(-3). List the prime factors of u(l).
11
Suppose -3*w - 52 = -5*w. List the prime factors of w.
2, 13
What are the prime factors of 32/(-80) - (-362)/5?
2, 3
Suppose 72 = c + 14. List the prime factors of c.
2, 29
Let b(z) be the third derivative of -z**6/120 + 2*z**5/15 - 5*z**4/24 + z**3 - z**2. Let u be b(7). Let s = u - 10. What are the prime factors of s?
2, 5
Suppose -f - 48 = v + 2*f, -88 = 2*v + 4*f. Let q = v + 72. Suppose -q = -2*j - j. What are the prime factors of j?
2, 3
List the prime factors of -4 + 0 + 1 + 40.
37
Let m(j) = -j**3 - 10*j**2 - 2*j - 1. List the prime factors of m(-12).
311
Let z be (-38)/(-4)*(4 - 2). Let q = 5 - 1. Suppose z = -q*t + 63. List the prime factors of t.
11
Let w(j) = -j**3 - 2*j**2 + 5*j - 3. Let a be w(-4). Suppose -3*k + a = 3*c, 0*k - c + 15 = -5*k. List the prime factors of (1 + 17)*k/(-6).
2, 3
Let u(r) = -r**3 + 2*r. Let c be u(-3). Suppose -32 = -5*m - 4*g, 3*g - 5 = -4*m + c. What are the prime factors of m?
2
Let m(u) = -4*u**3 - u**2 - 2*u - 1. Let t be m(-1). Suppose 0 = -t*v - 1 - 3. Let w = 1 - v. What are the prime factors of w?
2
Let t = -224 + 411. List the prime factors of t.
11, 17
List the prime factors of (16/(-10))/(18/(-45)).
2
Let u(s) = -5*s**2 - 18*s - 5. Let v(c) = 14*c**2 + 54*c + 15. Let z(r) = -11*u(r) - 4*v(r). What are the prime factors of z(-16)?
3
Suppose -3*m + 5*m = 0. Suppose -q - 3*q + 8 = m. Suppose -q*k + 15 = -y, -k + 4*k - 20 = 2*y. What are the prime factors of k?
2, 5
Let g be (6/(-4))/((-9)/162). Suppose -b = 2*q - 18, 4*b - 2*q - g = 15. List the prime factors of b.
2, 3
Suppose -7 = 4*n - 19. Let v(o) = o**3 + o**2 - o. List the prime factors of v(n).
3, 11
Let z(m) be the second derivative of m**4/12 + m**3/3 - 5*m**2/2 - m. List the prime factors of z(-5).
2, 5
Let j be 0*(9/(-3))/6. Suppose 3*w = 2*b - w - 2, 5*b + 5*w + 40 = j. What are the prime factors of (-2 - 0)/(2/b)?
5
Suppose d - 3*l = 18, -4*d - 2*l = -3*d + 7. Let y(f) = f**2 - f - 4. Let h be y(d). What are the prime factors of (-1)/h*(-7 - -1)?
3
Suppose 4*q - 4*z - 24 = -2*z, 3*q - 3*z = 18. What are the prime factors of 2/(-2) + 1*q?
5
Suppose 0*w + 452 = -4*w. Let c = -68 - w. Let a = -31 + c. List the prime factors of a.
2, 7
Let x(q) = q**2 - 5*q + 4. Let i be x(5). Suppose